er when 507 is divided by 158.
33
What is the remainder when 107 is divided by 28?
23
Calculate the remainder when 270 is divided by 21.
18
Calculate the remainder when 171 is divided by 29.
26
What is the remainder when 550 is divided by 176?
22
Calculate the remainder when 968 is divided by 54.
50
Calculate the remainder when 792 is divided by 716.
76
Calculate the remainder when 1034 is divided by 215.
174
What is the remainder when 831 is divided by 162?
21
What is the remainder when 86 is divided by 40?
6
What is the remainder when 972 is divided by 942?
30
Calculate the remainder when 37685 is divided by 22.
21
What is the remainder when 157 is divided by 80?
77
What is the remainder when 490 is divided by 157?
19
Calculate the remainder when 144 is divided by 29.
28
Calculate the remainder when 5536 is divided by 13.
11
Calculate the remainder when 389 is divided by 192.
5
Calculate the remainder when 1386 is divided by 481.
424
What is the remainder when 2753 is divided by 153?
152
What is the remainder when 1218 is divided by 316?
270
What is the remainder when 100 is divided by 7?
2
Calculate the remainder when 963 is divided by 938.
25
What is the remainder when 2969 is divided by 110?
109
What is the remainder when 408 is divided by 134?
6
Calculate the remainder when 2231 is divided by 11.
9
What is the remainder when 934 is divided by 52?
50
Calculate the remainder when 13 is divided by 3.
1
Calculate the remainder when 265 is divided by 138.
127
Calculate the remainder when 223 is divided by 76.
71
Calculate the remainder when 17 is divided by 2.
1
What is the remainder when 127 is divided by 65?
62
Calculate the remainder when 1432 is divided by 27.
1
What is the remainder when 548 is divided by 391?
157
What is the remainder when 179 is divided by 53?
20
What is the remainder when 869 is divided by 50?
19
What is the remainder when 82 is divided by 42?
40
What is the remainder when 22227 is divided by 19?
16
Calculate the remainder when 34 is divided by 4.
2
What is the remainder when 847 is divided by 158?
57
Calculate the remainder when 2498 is divided by 4.
2
Calculate the remainder when 44 is divided by 19.
6
What is the remainder when 1085 is divided by 211?
30
Calculate the remainder when 36 is divided by 20.
16
Calculate the remainder when 176 is divided by 21.
8
What is the remainder when 1100 is divided by 46?
42
Calculate the remainder when 484 is divided by 155.
19
What is the remainder when 154 is divided by 40?
34
Calculate the remainder when 115 is divided by 5.
0
What is the remainder when 183 is divided by 11?
7
What is the remainder when 141 is divided by 39?
24
Calculate the remainder when 112 is divided by 38.
36
What is the remainder when 1525 is divided by 3?
1
What is the remainder when 697 is divided by 14?
11
What is the remainder when 333 is divided by 85?
78
Calculate the remainder when 872 is divided by 145.
2
What is the remainder when 35696 is divided by 163?
162
What is the remainder when 146 is divided by 50?
46
What is the remainder when 2944 is divided by 31?
30
Calculate the remainder when 3022 is divided by 126.
124
Calculate the remainder when 2408 is divided by 200.
8
Calculate the remainder when 527 is divided by 8.
7
What is the remainder when 160 is divided by 31?
5
What is the remainder when 232 is divided by 47?
44
What is the remainder when 534 is divided by 526?
8
Calculate the remainder when 3880 is divided by 149.
6
Calculate the remainder when 1511 is divided by 20.
11
Calculate the remainder when 118 is divided by 70.
48
Calculate the remainder when 8145 is divided by 678.
9
Calculate the remainder when 1232 is divided by 51.
8
What is the remainder when 2935 is divided by 210?
205
What is the remainder when 559 is divided by 179?
22
Calculate the remainder when 336 is divided by 6.
0
What is the remainder when 2227 is divided by 93?
88
Calculate the remainder when 101 is divided by 40.
21
What is the remainder when 175 is divided by 53?
16
Calculate the remainder when 3525 is divided by 41.
40
What is the remainder when 153 is divided by 33?
21
What is the remainder when 921 is divided by 44?
41
Calculate the remainder when 761 is divided by 45.
41
Calculate the remainder when 2200 is divided by 29.
25
Calculate the remainder when 49 is divided by 26.
23
Calculate the remainder when 458 is divided by 23.
21
What is the remainder when 4831 is divided by 27?
25
Calculate the remainder when 192 is divided by 65.
62
What is the remainder when 413 is divided by 104?
101
Calculate the remainder when 199 is divided by 76.
47
Calculate the remainder when 145 is divided by 75.
70
What is the remainder when 534 is divided by 87?
12
What is the remainder when 169 is divided by 47?
28
What is the remainder when 14013 is divided by 26?
25
Calculate the remainder when 336 is divided by 107.
15
What is the remainder when 757 is divided by 23?
21
What is the remainder when 479 is divided by 238?
3
Calculate the remainder when 387 is divided by 184.
19
Calculate the remainder when 6733 is divided by 1683.
1
What is the remainder when 263 is divided by 2?
1
What is the remainder when 33 is divided by 18?
15
Calculate the remainder when 3047 is divided by 20.
7
What is the remainder when 123 is divided by 47?
29
Calculate the remainder when 341 is divided by 181.
160
What is the remainder when 149 is divided by 33?
17
What is the remainder when 979 is divided by 232?
51
Calculate the remainder when 144 is divided by 36.
0
What is the remainder when 25617 is divided by 137?
135
Calculate the remainder when 375 is divided by 18.
15
What is the remainder when 246 is divided by 28?
22
What is the remainder when 7863 is divided by 32?
23
Calculate the remainder when 125 is divided by 33.
26
What is the remainder when 117 is divided by 30?
27
Calculate the remainder when 229 is divided by 21.
19
What is the remainder when 781 is divided by 212?
145
What is the remainder when 178 is divided by 15?
13
What is the remainder when 74 is divided by 24?
2
What is the remainder when 3194 is divided by 89?
79
Calculate the remainder when 2725 is divided by 345.
310
Calculate the remainder when 379 is divided by 191.
188
What is the remainder when 306 is divided by 144?
18
What is the remainder when 96 is divided by 13?
5
Calculate the remainder when 853 is divided by 89.
52
Calculate the remainder when 304 is divided by 5.
4
Calculate the remainder when 211 is divided by 29.
8
What is the remainder when 249 is divided by 3?
0
Calculate the remainder when 64 is divided by 17.
13
What is the remainder when 472 is divided by 25?
22
Calculate the remainder when 430 is divided by 120.
70
Calculate the remainder when 345 is divided by 52.
33
Calculate the remainder when 40 is divided by 6.
4
Calculate the remainder when 23 is divided by 13.
10
What is the remainder when 1670 is divided by 1669?
1
Calculate the remainder when 926 is divided by 271.
113
Calculate the remainder when 78 is divided by 47.
31
What is the remainder when 1491 is divided by 72?
51
What is the remainder when 3633 is divided by 158?
157
What is the remainder when 80 is divided by 23?
11
What is the remainder when 184 is divided by 22?
8
Calculate the remainder when 1360 is divided by 57.
49
What is the remainder when 47 is divided by 17?
13
What is the remainder when 332 is divided by 84?
80
What is the remainder when 28 is divided by 13?
2
What is the remainder when 281 is divided by 45?
11
Calculate the remainder when 1866 is divided by 925.
16
Calculate the remainder when 151 is divided by 63.
25
What is the remainder when 98 is divided by 50?
48
Calculate the remainder when 285 is divided by 37.
26
What is the remainder when 76 is divided by 25?
1
What is the remainder when 2564 is divided by 95?
94
Calculate the remainder when 13801 is divided by 116.
113
What is the remainder when 248 is divided by 65?
53
Calculate the remainder when 366 is divided by 41.
38
Calculate the remainder when 100 is divided by 11.
1
Calculate the remainder when 261 is divided by 50.
11
Calculate the remainder when 325 is divided by 156.
13
Calculate the remainder when 79 is divided by 32.
15
What is the remainder when 631 is divided by 158?
157
What is the 